). Suppose -3*n = -2*n - 5*j - 360, 1655 = l*n + 4*j. Is n composite?
True
Let z(n) = 19*n**2 + 5*n + 5. Let w be z(-3). Is 0/((-12)/(-4)) + w prime?
False
Suppose 4*k = -3*q + 455, -2*k = -5*q + k + 710. Is q composite?
True
Suppose s + 2 - 1 = l, l = 5*s + 13. Let x be (-4)/l*(3 - 2). Is 0 + 33 + -2 + x composite?
True
Suppose z = -z + 42. Is z a composite number?
True
Let m(i) = -i + 3. Let g be m(6). Let b = 0 + g. Is 1/(0 + b/(-39)) a prime number?
True
Let p(v) = -9*v**3 + 4*v**2 + 3*v. Let h be p(-2). Suppose 0 = -m + 31 + h. Is m a prime number?
True
Suppose -4*u + 11 + 9 = 0, -3*i + u + 13 = 0. Let k(z) = -z**3 + 5*z**2 + z + 6. Let a be k(i). Is (-1048)/a + 4/(-6) prime?
True
Let u(a) = -80*a + 9. Is u(-13) composite?
False
Let w = 51 + 2. Let n = -31 + w. Is n a composite number?
True
Let w(n) = n**2 + 3*n - 3. Let i be w(2). Is -1 + 3 + 830 + i a prime number?
True
Let r(z) = z**2 + 15. Is r(-8) a prime number?
True
Is 4 + -8 - (1 + -88) composite?
False
Suppose 0 = -4*q - 5*c + 20, 5*q + 4*c - 16 = -0*c. Let f = 22 + q. Is f prime?
False
Let o = -5 - -8. Suppose -o*b + 0 = 6. Let s(w) = -6*w**3 - 3*w**2 - 2*w - 3. Is s(b) composite?
False
Let x(z) = 8*z**3 - 9*z**2 + 7*z - 26. Is x(7) a prime number?
False
Let z(r) be the first derivative of -r**6/120 + r**5/10 + r**4/6 - 5*r**3/6 - r**2 - 2. Let o(d) be the second derivative of z(d). Is o(6) prime?
True
Let x = 17 - 12. Suppose x*d - 5*w + 2*w = 446, 185 = 2*d + w. Is d a composite number?
True
Suppose 5*o + 4 = -1. Let l = o + 3. Is 21 - (0/1 - l) composite?
False
Suppose 0 = -3*s + 3*l + 303, 0*s - 3*l - 403 = -4*s. Let f = -65 + s. Is f a composite number?
True
Let g = 4 + -4. Suppose -4*k + 4*w = -56, g*w + 5*w = 3*k - 44. Suppose n + k = 174. Is n prime?
False
Let z = 5 - -23. Is 8/z - (-542)/14 a composite number?
True
Let w(l) = 28*l + 9. Is w(5) prime?
True
Suppose 5900 = 6*r - 430. Is r composite?
True
Let v(t) = 13*t**2 + 0 - 7*t + 1 + 6*t. Let o be v(2). Let c = 14 + o. Is c prime?
False
Suppose 3*x + 2*d + d + 1323 = 0, 2*x + 4*d = -882. Let w = x - -255. Is (-2 + w/(-4))*2 prime?
True
Let m = -9 - -86. Is m prime?
False
Suppose -2*k - 2*k - 16 = 0. Let g(h) = -h - 1. Let a be g(1). Is (37/a)/(2/k) a composite number?
False
Let a = 1141 - 690. Is a a composite number?
True
Let b(y) = 216*y**2 + 2*y + 1. Suppose 4*u + 4 = -0*u. Is b(u) prime?
False
Let g(f) = 10*f - 5. Let r(b) = -b. Let m(x) = -g(x) + 2*r(x). Is m(-7) a composite number?
False
Let j = 55 - -75. Suppose 4*l = 2*l + j. Is l composite?
True
Let u = 14 + -7. Suppose -49 = -5*j + 3*d + 52, 5*d + u = j. Is j composite?
True
Let i be (-27)/(-18) + (-2)/(-4). Let p = 35 - i. Is p composite?
True
Let j = -468 - -823. Let q = j - 142. Suppose -2*y = -q - 41. Is y a prime number?
True
Let v(r) = -r**3 + r**2 + 74. Is v(0) a prime number?
False
Let z(l) = 3*l**2 - 2*l - 10. Let f be z(7). Suppose -k + f = -4*s, 4*s + 7 - 3 = 0. Is k a composite number?
True
Let l be ((-2)/4)/(2/(-116)). Suppose l = 2*z + 2*c - 57, -4*z + 166 = c. Suppose -5*f = x - z, -x - 206 = -5*x + f. Is x a composite number?
True
Let s = 39 - -16. Let w = -16 + s. Is w a composite number?
True
Let l(c) = 22*c**2 - 6*c + 4. Let s(g) = -g. Let i(b) = l(b) - 3*s(b). Is i(-3) prime?
True
Suppose 995 = 4*w + w. Is w composite?
False
Let j(s) = 2*s**3 - 3*s**2 + 4*s - 3. Let m be j(2). Is 14/(-2 - (-24)/m) composite?
True
Let n(l) = -23*l - 1. Let k(z) = 3*z - 2. Let b be k(2). Suppose b*u = -u - 5. Is n(u) prime?
False
Let d = -33 - -122. Is d a composite number?
False
Suppose -4*t + 465 = t. Suppose -3*k - t = -6*k. Is k a composite number?
False
Let a(z) = -z**2 - 7*z - 3. Let q be a(-6). Suppose 0*r + q*r - 159 = 0. Is r a prime number?
True
Let z = -3899 - -5734. Is z composite?
True
Let t = -17 - -19. Suppose c + 412 = t*w - c, -5*w = -3*c - 1040. Is w a composite number?
False
Let t be (-16 - -1)/((-3)/36). Suppose 4*d - h - t = -5*h, -d + 48 = -2*h. Suppose 3*f = -0*m - 2*m + 10, 0 = 5*f - 4*m - d. Is f a composite number?
True
Let m(o) = 27*o**2 - o - 1. Let n be m(2). Suppose -4*i + n = -43. Let q = i + -18. Is q a composite number?
False
Suppose s - 2 = -1. Is (253*2)/(1 + s) a composite number?
True
Suppose 6 = 3*r - 0. Suppose 111 = k + r*k. Is k prime?
True
Let y(t) = -1506*t + 79. Is y(-6) prime?
False
Let p be (-10)/(-4)*460/2. Suppose 0*h + p = 5*h. Is h prime?
False
Let z be (-2 - -2) + 2/1. Suppose 0 = -2*k - 2, -z*c - 4*k + 11 = -c. Is c a prime number?
False
Suppose -3*c = -c + 20. Let f = c + 59. Is f prime?
False
Let j = 8 - 4. Let x = -2 + j. Suppose -3*p - x*p + 185 = t, 5*p = 5*t + 185. Is p prime?
True
Suppose 0*o = 2*o - 4. Suppose 5*f - 2*q - 563 = 0, 454 = 4*f - 0*f + o*q. Is f a prime number?
True
Is 26853/(-12)*-1 + 12/(-16) prime?
True
Suppose -305 + 1509 = 4*y. Suppose -20 + 5 = -3*t, 2*t = -3*j + y. Is j composite?
False
Suppose 0 = -0*l - l + 1. Is 54*l + 1/(-1) a composite number?
False
Suppose -5*u = -681 - 814. Is u a prime number?
False
Suppose 0 = -5*m + 4*h + 1049, -85 = -m - 3*h + 121. Is 3 + (m - (0 - -1)) a composite number?
False
Suppose 10*j - 5758 - 3012 = 0. Is j prime?
True
Suppose 0 = -5*g + 9 + 11. Suppose 3*r + 4*b = 249, g*r = -4*b + 115 + 213. Is r composite?
False
Let j(z) = -11*z + 15. Let y(s) = -5*s + 7. Let c(n) = -4*j(n) + 9*y(n). Is c(-7) prime?
False
Let a(y) = y**2 + y - 19. Is a(11) a composite number?
False
Suppose 0*q - 3*q = 4*g - 1635, -15 = -5*g. Is q a composite number?
False
Let q(n) be the third derivative of 0*n + 1/6*n**3 + 3/4*n**4 + 0 - 2*n**2. Is q(2) composite?
False
Let z be 4/(-18) - (-70)/(-9). Let p(t) = 5*t**2 - 8*t - 5. Is p(z) a composite number?
False
Let v(y) = -y**3 + y**2 + y + 3. Let j be v(0). Let h be (14/6 + -2)*57. Suppose -j*l - h = -4*l. Is l a prime number?
True
Suppose -2*k + 3 + 9 = 0. Let a(n) be the third derivative of 5*n**4/8 + 5*n**3/6 - n**2. Is a(k) composite?
True
Suppose v + 7 = 4*k, 3*v + v + 10 = -2*k. Is ((-3)/v)/(4/212) a composite number?
False
Let o(t) = -80*t - 1. Let z be (-1)/(2 - (-2 + 5)). Let d = z - 2. Is o(d) a composite number?
False
Suppose -2*z - 2*z = -8. Suppose u + z*u = 0. Suppose -2*s - 3*s + 165 = u. Is s a prime number?
False
Let o(t) = 4*t**2 - 4*t - 1. Let k(z) = z**3 + 8*z**2 + 3*z + 7. Let a be k(-7). Let b be (a/(-21))/(1/3). Is o(b) a composite number?
True
Let l(m) = 18*m - 3. Is l(5) prime?
False
Suppose -5*o - 3*m + 239 = m, 5*m - 146 = -3*o. Suppose -4*p - o = -4*r + 45, 3*r - 4*p = 73. Is r prime?
True
Suppose -2 = -2*x - 6. Let l = -4 - x. Is (92/(-6))/(l/3) a prime number?
True
Let n = 53 + 30. Let f = n - 46. Is f a prime number?
True
Let b be (77 + 2)/(1/3). Suppose -3*s + 0*s = -b. Is s a composite number?
False
Suppose -4*t + 3*d = -1202, 2*t + 606 = 4*t + d. Let q = 35 + t. Is q a prime number?
True
Suppose -2*f + 264 = 4*r - 78, 4*f - 5*r - 658 = 0. Is f a prime number?
True
Suppose 2*d + 0 = 4. Suppose -d*k + 23 = -295. Suppose 3*y - k = -0*y. Is y prime?
True
Is (-636)/(-30) - 2/10 prime?
False
Let d(q) = -2*q - 5. Let i be d(-4). Suppose -u = 2*u + i. Is 4*(u + (-243)/(-12)) composite?
True
Suppose 7 = 2*k + 3. Suppose -3 - k = -p. Suppose 3*a - 8 = -5*i, -4*i = -p*a - 0*i + 38. Is a a prime number?
False
Let a = 1 - 0. Let d(s) = -9*s**3 + 3*s**2 + s - 2. Let g(w) = w**3 - w**2 - w + 1. Let o(f) = -d(f) - 3*g(f). Is o(a) prime?
True
Suppose -2*i = u + 104, 5*u + 127 + 348 = 5*i. Let j = u + 165. Is j a prime number?
True
Let n(p) = 124*p**2 - 11*p + 28. Is n(5) prime?
False
Let i(o) = -o**3 - 9*o**2 - 6*o - 13. Let a be i(-9). Let d = a + -4. Is d composite?
False
Let a(u) = -u**2 + 5*u + 10. Let r be a(8). Let c = r - -36. Is c prime?
False
Let w(f) = -f - 5. Let m be w(-5). Let o = 3 - -2. Suppose m = n + t - 0*t - 14, 0 = 4*n + o*t - 57. Is n a prime number?
True
Let h(r) be the second derivative of r**3/3 + 4*r**2 - r. Is h(7) prime?
False
Is (-1*(-2 - 1))/(99/161997) composite?
False
Let f be (-11)/22*(-15 - -1). Let o = f - -286. Is o prime?
True
Let p(k) = 0*k**2 - k**2 + 8 + 2*k**2 - 11*k. Let v be p(7). Is (-732)/v + (-2)/(-5) a composite number?
False
Let w(i) = -i + 15. Let l be w(11). Is (10/(-15))/(l/(-354)) a composite number?
False
Suppose 0 = 7*q - 3*q - 16. Suppose -q*j + 